{"id":11019,"date":"2024-01-26T12:08:32","date_gmt":"2024-01-26T11:08:32","guid":{"rendered":"https:\/\/www.concellodesober.com\/?page_id=11019"},"modified":"2026-04-09T23:53:20","modified_gmt":"2026-04-09T21:53:20","slug":"feira-do-vino-de-amandi","status":"publish","type":"page","link":"https:\/\/concellodesober.com\/es\/feira-do-vino-de-amandi\/","title":{"rendered":"Feira do Vi\u00f1o de Amandi"},"content":{"rendered":"[vc_row ct_row_stretch=\u00bbstretch_row_content_no_spaces\u00bb parallax_content=\u00bbparallax_content_value\u00bb full_width=\u00bbstretch_row_content_no_spaces\u00bb use_row_as_full_screen_section=\u00bbno\u00bb type=\u00bbfull_width\u00bb][vc_column][vc_single_image image=\u00bb10893&#8243; img_size=\u00bbfull\u00bb alignment=\u00bbcenter\u00bb][\/vc_column][\/vc_row][vc_row ct_row_stretch=\u00bb\u00bb bg_type=\u00bbbg_color\u00bb source=\u00bb\u00bb main_heading=\u00bb- ALCALD\u00cdA -\u00bb heading_tag=\u00bbh2&#8243; main_heading_color=\u00bb#000000&#8243; sub_heading_color=\u00bb\u00bb alignment=\u00bbcenter\u00bb spacer=\u00bbno_spacer\u00bb spacer_position=\u00bbtop\u00bb spacer_img_width=\u00bb48&#8243; line_style=\u00bbsolid\u00bb line_height=\u00bb1&#8243; line_color=\u00bb#333333&#8243; line_icon_fixer=\u00bb10&#8243; main_heading_font_size=\u00bbdesktop:40px;tablet:40px;tablet_portrait:30px;mobile_landscape:30px;mobile:20px;\u00bb main_heading_margin=\u00bbmargin-top:80px;margin-bottom:80px;\u00bb margin_design_tab_text=\u00bb\u00bb main_heading_typograpy=\u00bb\u00bb main_heading_font_family=\u00bb\u00bb main_heading_style=\u00bb\u00bb main_heading_line_height=\u00bb\u00bb sub_heading_typograpy=\u00bb\u00bb sub_heading_font_family=\u00bb\u00bb sub_heading_style=\u00bb\u00bb sub_heading_font_size=\u00bb\u00bb sub_heading_line_height=\u00bb\u00bb sub_heading_margin=\u00bb\u00bb spacer_img=\u00bb\u00bb line_width=\u00bb\u00bb spacer_margin=\u00bb\u00bb bg_color_value=\u00bb#f9f9f9&#8243;][vc_column]<div id=\"ultimate-heading-59869ef994ae1de1\" class=\"uvc-heading ult-adjust-bottom-margin ultimate-heading-59869ef994ae1de1 uvc-2784 \" data-hspacer=\"no_spacer\"  data-halign=\"center\" style=\"text-align:center\"><div class=\"uvc-heading-spacer no_spacer\" style=\"top\"><\/div><div class=\"uvc-main-heading ult-responsive\"  data-ultimate-target='.uvc-heading.ultimate-heading-59869ef994ae1de1 h2'  data-responsive-json-new='{\"font-size\":\"desktop:40px;tablet:40px;tablet_portrait:30px;mobile_landscape:30px;mobile:20px;\",\"line-height\":\"\"}' ><h2 style=\"font-weight:normal;color:#000000;margin-top:80px;margin-bottom:80px;\">- FERIA DEL VINO DE AMANDI -<\/h2><\/div><\/div>[\/vc_column][\/vc_row][vc_row ct_row_stretch=\u00bbstretch_row\u00bb ct_bg_color_overlay=\u00bbrgba(255,255,255,0.4)\u00bb full_width=\u00bbstretch_row\u00bb use_row_as_full_screen_section=\u00bbno\u00bb type=\u00bbgrid\u00bb][vc_column]<div class=\"ult-spacer spacer-69ef994ae1e2e\" data-id=\"69ef994ae1e2e\" data-height=\"30\" data-height-mobile=\"20\" data-height-tab=\"20\" data-height-tab-portrait=\"20\" data-height-mobile-landscape=\"20\" style=\"clear:both;display:block;\"><\/div>[\/vc_column][\/vc_row][vc_row ct_row_stretch=\u00bb\u00bb][vc_column width=\u00bb1\/4&#8243; css=\u00bb.vc_custom_1707378315894{background-color: #f0f0f0 !important;}\u00bb][vc_wp_custommenu nav_menu=\u00bb80&#8243;][\/vc_column][vc_column width=\u00bb3\/4&#8243;][vc_row_inner][vc_column_inner][vc_column_text]Una de las ferias m\u00e1s madrugadoras de la Ribeira Sacra, donde cada a\u00f1o se dan cita los bodegueros de Amandi el<strong> fin de semana del Domingo de Ramos<\/strong> para dar a probar sus caldos.<\/p>\n<p>Declarada de Inter\u00e9s Tur\u00edstico de Galicia en el a\u00f1o 2000, la feria re\u00fane a miles de personas poniendo en relieve la importancia de la actividad vitivin\u00edcola en la zona, as\u00ed como el impulso y el prestigio de un vino que, seg\u00fan cuentan las leyendas era llevado a la Roma de los c\u00e9sares y se cultivaba desde los tiempos en que se asentaron las \u00f3rdenes mon\u00e1sticas en la Ribeira Sacra, en terrazas por las fuertes pendientes de las laderas de los ca\u00f1ones del Sil. Una orograf\u00eda que dificulta mucho el trabajo en las vides, raz\u00f3n por la que esta viticultura es llamada \u201cheroica\u201d.<\/p>\n<p>En el a\u00f1o 1980,\u00a0 por iniciativa de un grupo de vecinos, la feria de ganado se celebr\u00f3 el Domingo de Ramos para revitalizarla y con el fin de sumarle atractivo invitaron a algunos cosecheros de la zona de Amandi para que trajeran una muestra de sus vinos. Tal fue el \u00e9xito del vino en aquella feria que se convirti\u00f3 en el protagonista absoluto, tanto ese a\u00f1o como en el siguiente Domingo de Ramos. As\u00ed naci\u00f3 una cita y festividad que convenci\u00f3 incluso a los bodegueros m\u00e1s esc\u00e9pticos para que creyeran en un proyecto que hoy es el motor econ\u00f3mico de la zona.<\/p>\n<p>El recinto ferial, en la Plaza del Ayuntamiento, se llena de la m\u00fasica de la Banda de M\u00fasica de Sober, una de las m\u00e1s antiguas de Galicia, y uno de los s\u00edmbolos del municipio, para amenizar este gran encuentro en torno al vino de Amandi (subzona de la D.O. Ribeira Sacra). Esta celebraci\u00f3n sirve, adem\u00e1s, como excusa para mostrar los alrederores de la zona y su modo de vida, centrado en la viticultura pero tambi\u00e9n en la alfarer\u00eda con la vecina parroquia de Gundiv\u00f3s como productora. Un acercamiento a los puestos de artesan\u00eda en la feria bastar\u00e1 para comprobar la relevancia que tienen las piezas de esta antiqu\u00edsima alfarer\u00eda por su utilidad en las labores viticultoras.<\/p>\n<p>Los bodegueros de Amandi dan a probar aqu\u00ed su vino menc\u00eda, abanderado de los tintos gallegos, y los visitantes tienen la oportunidad de catarlos junto con otros excelentes productos, tambi\u00e9n a la venta, como quesos y pan artesano, miel de la Ribeira Sacra y las roscas tan apreciadas por su calidad.[\/vc_column_text][\/vc_column_inner][\/vc_row_inner]<div class=\"ult-spacer spacer-69ef994ae1e5b\" data-id=\"69ef994ae1e5b\" data-height=\"50\" data-height-mobile=\"30\" data-height-tab=\"40\" data-height-tab-portrait=\"40\" data-height-mobile-landscape=\"30\" style=\"clear:both;display:block;\"><\/div>[vc_images_carousel images=\u00bb10811,10812&#8243; img_size=\u00bbfull\u00bb slides_per_view=\u00bb2&#8243; hide_pagination_control=\u00bbyes\u00bb]<div class=\"ult-spacer spacer-69ef994ae1e83\" data-id=\"69ef994ae1e83\" data-height=\"50\" data-height-mobile=\"30\" data-height-tab=\"40\" data-height-tab-portrait=\"40\" data-height-mobile-landscape=\"30\" style=\"clear:both;display:block;\"><\/div>[vc_single_image image=\u00bb10712&#8243; img_size=\u00bbfull\u00bb][\/vc_column][\/vc_row][vc_row ct_row_stretch=\u00bbstretch_row\u00bb ct_bg_color_overlay=\u00bbrgba(255,255,255,0.4)\u00bb full_width=\u00bbstretch_row\u00bb use_row_as_full_screen_section=\u00bbno\u00bb type=\u00bbgrid\u00bb][vc_column]<div class=\"ult-spacer spacer-69ef994ae1ea7\" data-id=\"69ef994ae1ea7\" data-height=\"50\" data-height-mobile=\"20\" data-height-tab=\"40\" data-height-tab-portrait=\"40\" data-height-mobile-landscape=\"20\" style=\"clear:both;display:block;\"><\/div>[\/vc_column][\/vc_row]\n","protected":false},"excerpt":{"rendered":"<p>[vc_row ct_row_stretch=\u00bbstretch_row_content_no_spaces\u00bb parallax_content=\u00bbparallax_content_value\u00bb full_width=\u00bbstretch_row_content_no_spaces\u00bb use_row_as_full_screen_section=\u00bbno\u00bb type=\u00bbfull_width\u00bb][vc_column][vc_single_image image=\u00bb10893&#8243; img_size=\u00bbfull\u00bb alignment=\u00bbcenter\u00bb][\/vc_column][\/vc_row][vc_row ct_row_stretch=\u00bb\u00bb bg_type=\u00bbbg_color\u00bb source=\u00bb\u00bb main_heading=\u00bb- ALCALD\u00cdA -\u00bb heading_tag=\u00bbh2&#8243; main_heading_color=\u00bb#000000&#8243; sub_heading_color=\u00bb\u00bb alignment=\u00bbcenter\u00bb spacer=\u00bbno_spacer\u00bb spacer_position=\u00bbtop\u00bb spacer_img_width=\u00bb48&#8243; line_style=\u00bbsolid\u00bb line_height=\u00bb1&#8243; line_color=\u00bb#333333&#8243; line_icon_fixer=\u00bb10&#8243; main_heading_font_size=\u00bbdesktop:40px;tablet:40px;tablet_portrait:30px;mobile_landscape:30px;mobile:20px;\u00bb main_heading_margin=\u00bbmargin-top:80px;margin-bottom:80px;\u00bb margin_design_tab_text=\u00bb\u00bb main_heading_typograpy=\u00bb\u00bb &#8230;<\/p>\n","protected":false},"author":1,"featured_media":0,"parent":0,"menu_order":0,"comment_status":"closed","ping_status":"closed","template":"","meta":{"footnotes":""},"class_list":["post-11019","page","type-page","status-publish","hentry"],"_links":{"self":[{"href":"https:\/\/concellodesober.com\/es\/wp-json\/wp\/v2\/pages\/11019","targetHints":{"allow":["GET"]}}],"collection":[{"href":"https:\/\/concellodesober.com\/es\/wp-json\/wp\/v2\/pages"}],"about":[{"href":"https:\/\/concellodesober.com\/es\/wp-json\/wp\/v2\/types\/page"}],"author":[{"embeddable":true,"href":"https:\/\/concellodesober.com\/es\/wp-json\/wp\/v2\/users\/1"}],"replies":[{"embeddable":true,"href":"https:\/\/concellodesober.com\/es\/wp-json\/wp\/v2\/comments?post=11019"}],"version-history":[{"count":7,"href":"https:\/\/concellodesober.com\/es\/wp-json\/wp\/v2\/pages\/11019\/revisions"}],"predecessor-version":[{"id":15971,"href":"https:\/\/concellodesober.com\/es\/wp-json\/wp\/v2\/pages\/11019\/revisions\/15971"}],"wp:attachment":[{"href":"https:\/\/concellodesober.com\/es\/wp-json\/wp\/v2\/media?parent=11019"}],"curies":[{"name":"wp","href":"https:\/\/api.w.org\/{rel}","templated":true}]}}

Feira do Viño de Amandi

[vc_row ct_row_stretch=»stretch_row_content_no_spaces» parallax_content=»parallax_content_value» full_width=»stretch_row_content_no_spaces» use_row_as_full_screen_section=»no» type=»full_width»][vc_column][vc_single_image image=»10893&#8243; img_size=»full» alignment=»center»][/vc_column][/vc_row][vc_row ct_row_stretch=»» bg_type=»bg_color» source=»» main_heading=»- ALCALDÍA -» heading_tag=»h2&#8243; main_heading_color=»#000000&#8243; sub_heading_color=»» alignment=»center» spacer=»no_spacer» spacer_position=»top» spacer_img_width=»48&#8243; line_style=»solid» line_height=»1&#8243; line_color=»#333333&#8243; line_icon_fixer=»10&#8243; main_heading_font_size=»desktop:40px;tablet:40px;tablet_portrait:30px;mobile_landscape:30px;mobile:20px;» main_heading_margin=»margin-top:80px;margin-bottom:80px;» margin_design_tab_text=»» main_heading_typograpy=»» main_heading_font_family=»» main_heading_style=»» main_heading_line_height=»» sub_heading_typograpy=»» sub_heading_font_family=»» sub_heading_style=»» sub_heading_font_size=»» sub_heading_line_height=»» sub_heading_margin=»» spacer_img=»» line_width=»» spacer_margin=»» bg_color_value=»#f9f9f9&#8243;][vc_column]<div id="ultimate-heading-59869ef994ae1de1" class="uvc-heading ult-adjust-bottom-margin ultimate-heading-59869ef994ae1de1 uvc-2784 " data-hspacer="no_spacer"  data-halign="center" style="text-align:center"><div class="uvc-heading-spacer no_spacer" style="top"></div><div class="uvc-main-heading ult-responsive"  data-ultimate-target='.uvc-heading.ultimate-heading-59869ef994ae1de1 h2'  data-responsive-json-new='{"font-size":"desktop:40px;tablet:40px;tablet_portrait:30px;mobile_landscape:30px;mobile:20px;","line-height":""}' ><h2 style="font-weight:normal;color:#000000;margin-top:80px;margin-bottom:80px;">- FERIA DEL VINO DE AMANDI -</h2></div></div>[/vc_column][/vc_row][vc_row ct_row_stretch=»stretch_row» ct_bg_color_overlay=»rgba(255,255,255,0.4)» full_width=»stretch_row» use_row_as_full_screen_section=»no» type=»grid»][vc_column]<div class="ult-spacer spacer-69ef994ae1e2e" data-id="69ef994ae1e2e" data-height="30" data-height-mobile="20" data-height-tab="20" data-height-tab-portrait="20" data-height-mobile-landscape="20" style="clear:both;display:block;"></div>[/vc_column][/vc_row][vc_row ct_row_stretch=»»][vc_column width=»1/4&#8243; css=».vc_custom_1707378315894{background-color: #f0f0f0 !important;}»][vc_wp_custommenu nav_menu=»80&#8243;][/vc_column][vc_column width=»3/4&#8243;][vc_row_inner][vc_column_inner][vc_column_text]Una de las ferias más madrugadoras de la Ribeira Sacra, donde cada año se dan cita los bodegueros de Amandi el<strong> fin de semana del Domingo de Ramos</strong> para dar a probar sus caldos.</p>
<p>Declarada de Interés Turístico de Galicia en el año 2000, la feria reúne a miles de personas poniendo en relieve la importancia de la actividad vitivinícola en la zona, así como el impulso y el prestigio de un vino que, según cuentan las leyendas era llevado a la Roma de los césares y se cultivaba desde los tiempos en que se asentaron las órdenes monásticas en la Ribeira Sacra, en terrazas por las fuertes pendientes de las laderas de los cañones del Sil. Una orografía que dificulta mucho el trabajo en las vides, razón por la que esta viticultura es llamada “heroica”.</p>
<p>En el año 1980,  por iniciativa de un grupo de vecinos, la feria de ganado se celebró el Domingo de Ramos para revitalizarla y con el fin de sumarle atractivo invitaron a algunos cosecheros de la zona de Amandi para que trajeran una muestra de sus vinos. Tal fue el éxito del vino en aquella feria que se convirtió en el protagonista absoluto, tanto ese año como en el siguiente Domingo de Ramos. Así nació una cita y festividad que convenció incluso a los bodegueros más escépticos para que creyeran en un proyecto que hoy es el motor económico de la zona.</p>
<p>El recinto ferial, en la Plaza del Ayuntamiento, se llena de la música de la Banda de Música de Sober, una de las más antiguas de Galicia, y uno de los símbolos del municipio, para amenizar este gran encuentro en torno al vino de Amandi (subzona de la D.O. Ribeira Sacra). Esta celebración sirve, además, como excusa para mostrar los alrederores de la zona y su modo de vida, centrado en la viticultura pero también en la alfarería con la vecina parroquia de Gundivós como productora. Un acercamiento a los puestos de artesanía en la feria bastará para comprobar la relevancia que tienen las piezas de esta antiquísima alfarería por su utilidad en las labores viticultoras.</p>
<p>Los bodegueros de Amandi dan a probar aquí su vino mencía, abanderado de los tintos gallegos, y los visitantes tienen la oportunidad de catarlos junto con otros excelentes productos, también a la venta, como quesos y pan artesano, miel de la Ribeira Sacra y las roscas tan apreciadas por su calidad.[/vc_column_text][/vc_column_inner][/vc_row_inner]<div class="ult-spacer spacer-69ef994ae1e5b" data-id="69ef994ae1e5b" data-height="50" data-height-mobile="30" data-height-tab="40" data-height-tab-portrait="40" data-height-mobile-landscape="30" style="clear:both;display:block;"></div>[vc_images_carousel images=»10811,10812&#8243; img_size=»full» slides_per_view=»2&#8243; hide_pagination_control=»yes»]<div class="ult-spacer spacer-69ef994ae1e83" data-id="69ef994ae1e83" data-height="50" data-height-mobile="30" data-height-tab="40" data-height-tab-portrait="40" data-height-mobile-landscape="30" style="clear:both;display:block;"></div>[vc_single_image image=»10712&#8243; img_size=»full»][/vc_column][/vc_row][vc_row ct_row_stretch=»stretch_row» ct_bg_color_overlay=»rgba(255,255,255,0.4)» full_width=»stretch_row» use_row_as_full_screen_section=»no» type=»grid»][vc_column]<div class="ult-spacer spacer-69ef994ae1ea7" data-id="69ef994ae1ea7" data-height="50" data-height-mobile="20" data-height-tab="40" data-height-tab-portrait="40" data-height-mobile-landscape="20" style="clear:both;display:block;"></div>[/vc_column][/vc_row]

<p>[vc_row ct_row_stretch=»stretch_row_content_no_spaces» parallax_content=»parallax_content_value» full_width=»stretch_row_content_no_spaces» use_row_as_full_screen_section=»no» type=»full_width»][vc_column][vc_single_image image=»10893&#8243; img_size=»full» alignment=»center»][/vc_column][/vc_row][vc_row ct_row_stretch=»» bg_type=»bg_color» source=»» main_heading=»- ALCALDÍA -» heading_tag=»h2&#8243; main_heading_color=»#000000&#8243; sub_heading_color=»» alignment=»center» spacer=»no_spacer» spacer_position=»top» spacer_img_width=»48&#8243; line_style=»solid» line_height=»1&#8243; line_color=»#333333&#8243; line_icon_fixer=»10&#8243; main_heading_font_size=»desktop:40px;tablet:40px;tablet_portrait:30px;mobile_landscape:30px;mobile:20px;» main_heading_margin=»margin-top:80px;margin-bottom:80px;» margin_design_tab_text=»» main_heading_typograpy=»» &#8230;</p>
