{"id":11031,"date":"2024-07-22T14:44:45","date_gmt":"2024-07-22T12:44:45","guid":{"rendered":"https:\/\/www.concellodesober.com\/?page_id=11031"},"modified":"2026-04-16T09:28:29","modified_gmt":"2026-04-16T07:28:29","slug":"festa-dos-avos","status":"publish","type":"page","link":"https:\/\/concellodesober.com\/es\/festa-dos-avos\/","title":{"rendered":"Festa dos Av\u00f3s"},"content":{"rendered":"[vc_row ct_row_stretch=\u00bbstretch_row_content_no_spaces\u00bb parallax_content=\u00bbparallax_content_value\u00bb full_width=\u00bbstretch_row_content_no_spaces\u00bb use_row_as_full_screen_section=\u00bbno\u00bb type=\u00bbfull_width\u00bb][vc_column css=\u00bb.vc_custom_1707304855012{background-position: center !important;background-repeat: no-repeat !important;background-size: cover !important;}\u00bb][vc_single_image image=\u00bb10930&#8243; img_size=\u00bbfull\u00bb][\/vc_column][\/vc_row][vc_row ct_row_stretch=\u00bb\u00bb bg_type=\u00bbbg_color\u00bb source=\u00bb\u00bb main_heading=\u00bb- ALCALD\u00cdA -\u00bb heading_tag=\u00bbh2&#8243; main_heading_color=\u00bb#000000&#8243; sub_heading_color=\u00bb\u00bb alignment=\u00bbcenter\u00bb spacer=\u00bbno_spacer\u00bb spacer_position=\u00bbtop\u00bb spacer_img_width=\u00bb48&#8243; line_style=\u00bbsolid\u00bb line_height=\u00bb1&#8243; line_color=\u00bb#333333&#8243; line_icon_fixer=\u00bb10&#8243; main_heading_font_size=\u00bbdesktop:40px;tablet:40px;tablet_portrait:30px;mobile_landscape:30px;mobile:20px;\u00bb main_heading_margin=\u00bbmargin-top:80px;margin-bottom:80px;\u00bb margin_design_tab_text=\u00bb\u00bb main_heading_typograpy=\u00bb\u00bb main_heading_font_family=\u00bb\u00bb main_heading_style=\u00bb\u00bb main_heading_line_height=\u00bb\u00bb sub_heading_typograpy=\u00bb\u00bb sub_heading_font_family=\u00bb\u00bb sub_heading_style=\u00bb\u00bb sub_heading_font_size=\u00bb\u00bb sub_heading_line_height=\u00bb\u00bb sub_heading_margin=\u00bb\u00bb spacer_img=\u00bb\u00bb line_width=\u00bb\u00bb spacer_margin=\u00bb\u00bb bg_color_value=\u00bb#f9f9f9&#8243;][vc_column]<div id=\"ultimate-heading-45969f1b8207bd24\" class=\"uvc-heading ult-adjust-bottom-margin ultimate-heading-45969f1b8207bd24 uvc-568 \" data-hspacer=\"no_spacer\"  data-halign=\"center\" style=\"text-align:center\"><div class=\"uvc-heading-spacer no_spacer\" style=\"top\"><\/div><div class=\"uvc-main-heading ult-responsive\"  data-ultimate-target='.uvc-heading.ultimate-heading-45969f1b8207bd24 h2'  data-responsive-json-new='{\"font-size\":\"desktop:40px;tablet:40px;tablet_portrait:30px;mobile_landscape:30px;mobile:20px;\",\"line-height\":\"\"}' ><h2 style=\"font-weight:normal;color:#000000;margin-top:80px;margin-bottom:80px;\">- FIESTA DE LOS ABUELOS -<\/h2><\/div><\/div>[\/vc_column][\/vc_row][vc_row ct_row_stretch=\u00bbstretch_row\u00bb ct_bg_color_overlay=\u00bbrgba(255,255,255,0.4)\u00bb full_width=\u00bbstretch_row\u00bb use_row_as_full_screen_section=\u00bbno\u00bb type=\u00bbgrid\u00bb][vc_column]<div class=\"ult-spacer spacer-69f1b8207bd79\" data-id=\"69f1b8207bd79\" data-height=\"30\" data-height-mobile=\"20\" data-height-tab=\"20\" data-height-tab-portrait=\"20\" data-height-mobile-landscape=\"20\" style=\"clear:both;display:block;\"><\/div>[\/vc_column][\/vc_row][vc_row ct_row_stretch=\u00bb\u00bb][vc_column width=\u00bb1\/4&#8243; css=\u00bb.vc_custom_1707378235381{background-color: #f0f0f0 !important;}\u00bb][vc_wp_custommenu nav_menu=\u00bb80&#8243;][\/vc_column][vc_column width=\u00bb3\/4&#8243;][vc_row_inner][vc_column_inner][vc_column_text]El municipio de Sober es uno de los territorios gallegos m\u00e1s longevos, llegando incluso a formar parte de una investigaci\u00f3n de la Fundaci\u00f3n Matrix para identificar los factores sociambientales que pueden influir en la calidad de vida de las personas de edad avanzada. La hip\u00f3tesis de que nuestro entorno rural es un factor determinante para favorecer una longevidad en buenas condiciones est\u00e1 m\u00e1s que aceptada.<\/p>\n<p>Se constat\u00f3 que las labores agr\u00edcolas act\u00faan como una fuente de motivaci\u00f3n, ya que el trabajo de la tierra mantiene activos a los mayores. Esta labor les genera una gran satisfacci\u00f3n tanto por la actividad en s\u00ed como por sus resultados, permiti\u00e9ndoles adem\u00e1s obtener productos saludables.<\/p>\n<p>La sociabilizaci\u00f3n es otro pilar fundamental para una buena salud mental y desde el ayuntamiento se hacen diferentes programas en este sentido.<\/p>\n<p>Corr\u00eda el a\u00f1o 2000 cuando, desde el departamento de Servicios Sociales, se propuso organizar una merienda como d\u00eda de reuni\u00f3n y de fiesta para los mayores que formaban parte del programa de servicios sociales.<\/p>\n<p>Esta primera merienda constaba de unos aperitivos como empanadas, embutidos y un bizcocho mojado con chocolate caliente, que era servido por todo el personal del ayuntamiento en el comedor escolar. Ya en esos primeros encuentros la m\u00fasica era parte de la fiesta, y hab\u00eda un baile de celebraci\u00f3n como marca la tradici\u00f3n en Galicia.<\/p>\n<p>Despu\u00e9s del \u00e9xito alcanzado en esa primera merienda, la fiesta fue sufriendo diversas modificaciones y ya unos diez a\u00f1os m\u00e1s tarde se hace un formato m\u00e1s parecido al actual, contratando una empresa que se encarga de preparar una comida y no solamente una merienda para todos los mayores.<\/p>\n<p>Desde aquella primera edici\u00f3n, en la que la merienda estaba dirigida solo a los usuarios de los servicios municipales, la fiesta ha crecido y actualmente pueden asistir todos los mayores del municipio y los familiares que deseen acompa\u00f1arlos.<\/p>\n<p>La Fiesta de los Abuelos se celebra entre los meses de abril y mayo, dependiendo del calendario anual.<\/p>\n<p>En la actualidad, la jornada comienza con una misa, seguida por una comida popular con m\u00fasica en directo y un sorteo de regalos. Adem\u00e1s, se hace un reconocimiento especial a las personas m\u00e1s longevas del municipio presentes en el acto.<\/p>\n<p>La celebraci\u00f3n tiene lugar en el pabell\u00f3n del C.E.I.P. Virxe do Carme de Sober, y se habilita un servicio especial de autobuses para facilitar el traslado de los asistentes.[\/vc_column_text][\/vc_column_inner][\/vc_row_inner]<div class=\"ult-spacer spacer-69f1b8207bda8\" data-id=\"69f1b8207bda8\" data-height=\"50\" data-height-mobile=\"30\" data-height-tab=\"40\" data-height-tab-portrait=\"40\" data-height-mobile-landscape=\"30\" style=\"clear:both;display:block;\"><\/div>[vc_images_carousel images=\u00bb10810&#8243; img_size=\u00bbfull\u00bb slides_per_view=\u00bb2&#8243; hide_pagination_control=\u00bbyes\u00bb wrap=\u00bbyes\u00bb]<div class=\"ult-spacer spacer-69f1b8207bdd1\" data-id=\"69f1b8207bdd1\" data-height=\"50\" data-height-mobile=\"30\" data-height-tab=\"40\" data-height-tab-portrait=\"40\" data-height-mobile-landscape=\"30\" style=\"clear:both;display:block;\"><\/div>[vc_single_image image=\u00bb10712&#8243; img_size=\u00bbfull\u00bb][\/vc_column][\/vc_row][vc_row ct_row_stretch=\u00bbstretch_row\u00bb ct_bg_color_overlay=\u00bbrgba(255,255,255,0.4)\u00bb full_width=\u00bbstretch_row\u00bb use_row_as_full_screen_section=\u00bbno\u00bb type=\u00bbgrid\u00bb][vc_column]<div class=\"ult-spacer spacer-69f1b8207bdf6\" data-id=\"69f1b8207bdf6\" data-height=\"50\" data-height-mobile=\"20\" data-height-tab=\"40\" data-height-tab-portrait=\"40\" data-height-mobile-landscape=\"20\" style=\"clear:both;display:block;\"><\/div>[\/vc_column][\/vc_row]\n","protected":false},"excerpt":{"rendered":"<p>[vc_row ct_row_stretch=\u00bbstretch_row_content_no_spaces\u00bb parallax_content=\u00bbparallax_content_value\u00bb full_width=\u00bbstretch_row_content_no_spaces\u00bb use_row_as_full_screen_section=\u00bbno\u00bb type=\u00bbfull_width\u00bb][vc_column css=\u00bb.vc_custom_1707304855012{background-position: center !important;background-repeat: no-repeat !important;background-size: cover !important;}\u00bb][vc_single_image image=\u00bb10930&#8243; img_size=\u00bbfull\u00bb][\/vc_column][\/vc_row][vc_row ct_row_stretch=\u00bb\u00bb bg_type=\u00bbbg_color\u00bb source=\u00bb\u00bb main_heading=\u00bb- ALCALD\u00cdA -\u00bb heading_tag=\u00bbh2&#8243; main_heading_color=\u00bb#000000&#8243; sub_heading_color=\u00bb\u00bb alignment=\u00bbcenter\u00bb spacer=\u00bbno_spacer\u00bb spacer_position=\u00bbtop\u00bb spacer_img_width=\u00bb48&#8243; line_style=\u00bbsolid\u00bb line_height=\u00bb1&#8243; &#8230;<\/p>\n","protected":false},"author":1,"featured_media":0,"parent":0,"menu_order":0,"comment_status":"closed","ping_status":"closed","template":"","meta":{"footnotes":""},"class_list":["post-11031","page","type-page","status-publish","hentry"],"_links":{"self":[{"href":"https:\/\/concellodesober.com\/es\/wp-json\/wp\/v2\/pages\/11031","targetHints":{"allow":["GET"]}}],"collection":[{"href":"https:\/\/concellodesober.com\/es\/wp-json\/wp\/v2\/pages"}],"about":[{"href":"https:\/\/concellodesober.com\/es\/wp-json\/wp\/v2\/types\/page"}],"author":[{"embeddable":true,"href":"https:\/\/concellodesober.com\/es\/wp-json\/wp\/v2\/users\/1"}],"replies":[{"embeddable":true,"href":"https:\/\/concellodesober.com\/es\/wp-json\/wp\/v2\/comments?post=11031"}],"version-history":[{"count":11,"href":"https:\/\/concellodesober.com\/es\/wp-json\/wp\/v2\/pages\/11031\/revisions"}],"predecessor-version":[{"id":16036,"href":"https:\/\/concellodesober.com\/es\/wp-json\/wp\/v2\/pages\/11031\/revisions\/16036"}],"wp:attachment":[{"href":"https:\/\/concellodesober.com\/es\/wp-json\/wp\/v2\/media?parent=11031"}],"curies":[{"name":"wp","href":"https:\/\/api.w.org\/{rel}","templated":true}]}}

Festa dos Avós

[vc_row ct_row_stretch=»stretch_row_content_no_spaces» parallax_content=»parallax_content_value» full_width=»stretch_row_content_no_spaces» use_row_as_full_screen_section=»no» type=»full_width»][vc_column css=».vc_custom_1707304855012{background-position: center !important;background-repeat: no-repeat !important;background-size: cover !important;}»][vc_single_image image=»10930&#8243; img_size=»full»][/vc_column][/vc_row][vc_row ct_row_stretch=»» bg_type=»bg_color» source=»» main_heading=»- ALCALDÍA -» heading_tag=»h2&#8243; main_heading_color=»#000000&#8243; sub_heading_color=»» alignment=»center» spacer=»no_spacer» spacer_position=»top» spacer_img_width=»48&#8243; line_style=»solid» line_height=»1&#8243; line_color=»#333333&#8243; line_icon_fixer=»10&#8243; main_heading_font_size=»desktop:40px;tablet:40px;tablet_portrait:30px;mobile_landscape:30px;mobile:20px;» main_heading_margin=»margin-top:80px;margin-bottom:80px;» margin_design_tab_text=»» main_heading_typograpy=»» main_heading_font_family=»» main_heading_style=»» main_heading_line_height=»» sub_heading_typograpy=»» sub_heading_font_family=»» sub_heading_style=»» sub_heading_font_size=»» sub_heading_line_height=»» sub_heading_margin=»» spacer_img=»» line_width=»» spacer_margin=»» bg_color_value=»#f9f9f9&#8243;][vc_column]<div id="ultimate-heading-45969f1b8207bd24" class="uvc-heading ult-adjust-bottom-margin ultimate-heading-45969f1b8207bd24 uvc-568 " data-hspacer="no_spacer"  data-halign="center" style="text-align:center"><div class="uvc-heading-spacer no_spacer" style="top"></div><div class="uvc-main-heading ult-responsive"  data-ultimate-target='.uvc-heading.ultimate-heading-45969f1b8207bd24 h2'  data-responsive-json-new='{"font-size":"desktop:40px;tablet:40px;tablet_portrait:30px;mobile_landscape:30px;mobile:20px;","line-height":""}' ><h2 style="font-weight:normal;color:#000000;margin-top:80px;margin-bottom:80px;">- FIESTA DE LOS ABUELOS -</h2></div></div>[/vc_column][/vc_row][vc_row ct_row_stretch=»stretch_row» ct_bg_color_overlay=»rgba(255,255,255,0.4)» full_width=»stretch_row» use_row_as_full_screen_section=»no» type=»grid»][vc_column]<div class="ult-spacer spacer-69f1b8207bd79" data-id="69f1b8207bd79" data-height="30" data-height-mobile="20" data-height-tab="20" data-height-tab-portrait="20" data-height-mobile-landscape="20" style="clear:both;display:block;"></div>[/vc_column][/vc_row][vc_row ct_row_stretch=»»][vc_column width=»1/4&#8243; css=».vc_custom_1707378235381{background-color: #f0f0f0 !important;}»][vc_wp_custommenu nav_menu=»80&#8243;][/vc_column][vc_column width=»3/4&#8243;][vc_row_inner][vc_column_inner][vc_column_text]El municipio de Sober es uno de los territorios gallegos más longevos, llegando incluso a formar parte de una investigación de la Fundación Matrix para identificar los factores sociambientales que pueden influir en la calidad de vida de las personas de edad avanzada. La hipótesis de que nuestro entorno rural es un factor determinante para favorecer una longevidad en buenas condiciones está más que aceptada.</p>
<p>Se constató que las labores agrícolas actúan como una fuente de motivación, ya que el trabajo de la tierra mantiene activos a los mayores. Esta labor les genera una gran satisfacción tanto por la actividad en sí como por sus resultados, permitiéndoles además obtener productos saludables.</p>
<p>La sociabilización es otro pilar fundamental para una buena salud mental y desde el ayuntamiento se hacen diferentes programas en este sentido.</p>
<p>Corría el año 2000 cuando, desde el departamento de Servicios Sociales, se propuso organizar una merienda como día de reunión y de fiesta para los mayores que formaban parte del programa de servicios sociales.</p>
<p>Esta primera merienda constaba de unos aperitivos como empanadas, embutidos y un bizcocho mojado con chocolate caliente, que era servido por todo el personal del ayuntamiento en el comedor escolar. Ya en esos primeros encuentros la música era parte de la fiesta, y había un baile de celebración como marca la tradición en Galicia.</p>
<p>Después del éxito alcanzado en esa primera merienda, la fiesta fue sufriendo diversas modificaciones y ya unos diez años más tarde se hace un formato más parecido al actual, contratando una empresa que se encarga de preparar una comida y no solamente una merienda para todos los mayores.</p>
<p>Desde aquella primera edición, en la que la merienda estaba dirigida solo a los usuarios de los servicios municipales, la fiesta ha crecido y actualmente pueden asistir todos los mayores del municipio y los familiares que deseen acompañarlos.</p>
<p>La Fiesta de los Abuelos se celebra entre los meses de abril y mayo, dependiendo del calendario anual.</p>
<p>En la actualidad, la jornada comienza con una misa, seguida por una comida popular con música en directo y un sorteo de regalos. Además, se hace un reconocimiento especial a las personas más longevas del municipio presentes en el acto.</p>
<p>La celebración tiene lugar en el pabellón del C.E.I.P. Virxe do Carme de Sober, y se habilita un servicio especial de autobuses para facilitar el traslado de los asistentes.[/vc_column_text][/vc_column_inner][/vc_row_inner]<div class="ult-spacer spacer-69f1b8207bda8" data-id="69f1b8207bda8" data-height="50" data-height-mobile="30" data-height-tab="40" data-height-tab-portrait="40" data-height-mobile-landscape="30" style="clear:both;display:block;"></div>[vc_images_carousel images=»10810&#8243; img_size=»full» slides_per_view=»2&#8243; hide_pagination_control=»yes» wrap=»yes»]<div class="ult-spacer spacer-69f1b8207bdd1" data-id="69f1b8207bdd1" data-height="50" data-height-mobile="30" data-height-tab="40" data-height-tab-portrait="40" data-height-mobile-landscape="30" style="clear:both;display:block;"></div>[vc_single_image image=»10712&#8243; img_size=»full»][/vc_column][/vc_row][vc_row ct_row_stretch=»stretch_row» ct_bg_color_overlay=»rgba(255,255,255,0.4)» full_width=»stretch_row» use_row_as_full_screen_section=»no» type=»grid»][vc_column]<div class="ult-spacer spacer-69f1b8207bdf6" data-id="69f1b8207bdf6" data-height="50" data-height-mobile="20" data-height-tab="40" data-height-tab-portrait="40" data-height-mobile-landscape="20" style="clear:both;display:block;"></div>[/vc_column][/vc_row]

<p>[vc_row ct_row_stretch=»stretch_row_content_no_spaces» parallax_content=»parallax_content_value» full_width=»stretch_row_content_no_spaces» use_row_as_full_screen_section=»no» type=»full_width»][vc_column css=».vc_custom_1707304855012{background-position: center !important;background-repeat: no-repeat !important;background-size: cover !important;}»][vc_single_image image=»10930&#8243; img_size=»full»][/vc_column][/vc_row][vc_row ct_row_stretch=»» bg_type=»bg_color» source=»» main_heading=»- ALCALDÍA -» heading_tag=»h2&#8243; main_heading_color=»#000000&#8243; sub_heading_color=»» alignment=»center» spacer=»no_spacer» spacer_position=»top» spacer_img_width=»48&#8243; line_style=»solid» line_height=»1&#8243; &#8230;</p>
