{"id":11058,"date":"2024-04-22T12:52:33","date_gmt":"2024-04-22T10:52:33","guid":{"rendered":"https:\/\/www.concellodesober.com\/?page_id=11058"},"modified":"2026-04-22T17:07:42","modified_gmt":"2026-04-22T15:07:42","slug":"biblioteca-municipal","status":"publish","type":"page","link":"https:\/\/concellodesober.com\/es\/biblioteca-municipal\/","title":{"rendered":"Biblioteca municipal"},"content":{"rendered":"[vc_row ct_row_stretch=\u00bbstretch_row_content_no_spaces\u00bb full_width=\u00bbstretch_row_content_no_spaces\u00bb use_row_as_full_screen_section=\u00bbno\u00bb type=\u00bbfull_width\u00bb][vc_column][vc_single_image image=\u00bb10947&#8243; img_size=\u00bbfull\u00bb][\/vc_column][\/vc_row][vc_row ct_row_stretch=\u00bb\u00bb bg_type=\u00bbbg_color\u00bb bg_color_value=\u00bb#f9f9f9&#8243;][vc_column]<div id=\"ultimate-heading-64969f1ce1ae6461\" class=\"uvc-heading ult-adjust-bottom-margin ultimate-heading-64969f1ce1ae6461 uvc-1780 \" data-hspacer=\"no_spacer\"  data-halign=\"center\" style=\"text-align:center\"><div class=\"uvc-heading-spacer no_spacer\" style=\"top\"><\/div><div class=\"uvc-main-heading ult-responsive\"  data-ultimate-target='.uvc-heading.ultimate-heading-64969f1ce1ae6461 h2'  data-responsive-json-new='{\"font-size\":\"desktop:40px;tablet:40px;tablet_portrait:30px;mobile_landscape:30px;mobile:20px;\",\"line-height\":\"\"}' ><h2 style=\"font-weight:normal;color:#000000;margin-top:80px;margin-bottom:80px;\">- BIBLIOTECA MUNICIPAL -<\/h2><\/div><\/div>[\/vc_column][\/vc_row][vc_row ct_row_stretch=\u00bb\u00bb][vc_column]<div class=\"ult-spacer spacer-69f1ce1ae64b7\" data-id=\"69f1ce1ae64b7\" data-height=\"30\" data-height-mobile=\"20\" data-height-tab=\"20\" data-height-tab-portrait=\"20\" data-height-mobile-landscape=\"20\" style=\"clear:both;display:block;\"><\/div>[\/vc_column][\/vc_row][vc_row ct_row_stretch=\u00bb\u00bb][vc_column width=\u00bb1\/4&#8243; css=\u00bb.vc_custom_1707307919031{background-color: #f0f0f0 !important;}\u00bb][vc_wp_custommenu nav_menu=\u00bb85&#8243;][\/vc_column][vc_column width=\u00bb3\/4&#8243;][vc_column_text]<strong>BIBLIOTECA P\u00daBLICA MUNICIPAL DE SOBER<\/strong><\/p>\n<p>Creada en el a\u00f1o 1994 la BPM del Ayuntamiento de Sober se encuentra ubicada en el centro de la capitalidad, en la primera planta del Edificio Sociocultural.<\/p>\n<p>Distribuida en dos espacios: infantil\/juvenil y adultos. Cuenta adem\u00e1s con una zona con ordenadores de uso p\u00fablico.<\/p>\n<p>La biblioteca est\u00e1 integrada en la Red de Bibliotecas P\u00fablicas de Galicia y ser\u00e1 necesario un carn\u00e9, totalmente gratuito, para utilizar aquellos servicios que necesiten una identificaci\u00f3n, por ejemplo el pr\u00e9stamo de libros, revistas, pel\u00edculas.<\/p>\n<p><a href=\"https:\/\/rbgalicia.xunta.gal\/gl\/carne-da-biblioteca\" target=\"_blank\" rel=\"noopener\">Carn\u00e9 da biblioteca | Rede de Bibliotecas de Galicia (xunta.gal)<\/a><\/p>\n<p>La Red de Bibliotecas P\u00fablicas de Galicia pone a su disposici\u00f3n dos aplicaciones m\u00f3viles con las que puede acceder a los servicios de la red desde su tel\u00e9fono m\u00f3vil o tablet: app de Rede de Bibliotecas de Galicia, y app eBiblio-Galicia.<\/p>\n<p><strong>Horario de la biblioteca<\/strong><\/p>\n<p>Invierno: <em><strong>Lunes de 16-20 h | <\/strong><\/em><em><strong>martes a viernes de 11-13 y 16-20 h | S\u00e1bados de 11-13 h.<\/strong><\/em><\/p>\n<p>Verano: <em><strong>Lunes a viernes de 9 a 14 h.<\/strong><\/em><\/p>\n<p><strong>Servicios:<\/strong><\/p>\n<p>*Accesible a personas con discapacidad f\u00edsica.<\/p>\n<p>*Consulta del cat\u00e1logo de fondos bibliogr\u00e1ficos\u00a0<a href=\"https:\/\/rbgalicia.xunta.gal\/gl\/catalogo-da-rede-de-bibliotecas-publicas-de-galicia\" target=\"_blank\" rel=\"noopener\">Cat\u00e1logo da Rede de Bibliotecas P\u00fablicas de Galicia | Rede de Bibliotecas de Galicia (xunta.gal)<\/a><\/p>\n<p>*Consulta p\u00fablica y gratuita de internet, toda la biblioteca es una zona wifi.<\/p>\n<p>*Formaci\u00f3n de usuarios.<\/p>\n<p>*Informaci\u00f3n bibliogr\u00e1fica.<\/p>\n<p>*Lectura y consulta en sala.<\/p>\n<p>*Pr\u00e9stamo.<\/p>\n<p>*Actividades de promoci\u00f3n de la lectura y actividades culturales.<\/p>\n<p>En este apartado destacamos la programaci\u00f3n anual destinada a los diferentes colectivos de nuestro municipio:<\/p>\n<p>1.\u00a0\u00a0\u00a0Actividades de dinamizaci\u00f3n incluidas en el Club de lectura Pintor de Castinande para p\u00fablico adulto.<\/p>\n<p>2.\u00a0\u00a0\u00a0Obradores y charlas que se realizan \u201cFaladoiro dos luns\u201d.<\/p>\n<p>3.\u00a0\u00a0\u00a0\u00a0 En relaci\u00f3n a los ni\u00f1os y ni\u00f1as, existe una programaci\u00f3n anual denominada \u201cMerendas con Contos\u201d, que comprende una serie de actividades encaminadas a la promoci\u00f3n de la lectura.<\/p>\n<p>4.\u00a0\u00a0\u00a0En verano el Ayuntamiento organiza un campamento para ni\u00f1os y ni\u00f1as entre 4 y 12 a\u00f1os.<\/p>\n<p>Todas estas actividades est\u00e1n recogidas en\u00a0nuestro\u00a0Blog\u00a0<a href=\"https:\/\/bibliotecapublicasober.blogspot.com\/\">https:\/\/bibliotecapublicasober.blogspot.com\/<\/a>, en nuestro Instagram <strong>@bibliotecasober<\/strong> o en las redes sociales del Concello de Sober.<\/p>\n<p><strong>Centro Sociocultural \u2013 Praza do Concello s\/n<\/strong><\/p>\n<p><a href=\"mailto:biblioteca@concellodesober.com\">biblioteca@concellodesober.com<\/a><\/p>\n<p>Tel\u00e9fono: 982 460 414<\/p>\n<p>Fax: 982 460 002[\/vc_column_text]<div class=\"ult-spacer spacer-69f1ce1ae64e5\" data-id=\"69f1ce1ae64e5\" data-height=\"30\" data-height-mobile=\"20\" data-height-tab=\"20\" data-height-tab-portrait=\"20\" data-height-mobile-landscape=\"20\" style=\"clear:both;display:block;\"><\/div>[vc_single_image image=\u00bb10712&#8243; img_size=\u00bbfull\u00bb][vc_images_carousel images=\u00bb10951,10950,10949,10948&#8243; img_size=\u00bbfull\u00bb slides_per_view=\u00bb2&#8243; autoplay=\u00bbyes\u00bb hide_pagination_control=\u00bbyes\u00bb wrap=\u00bbyes\u00bb]<div class=\"ult-spacer spacer-69f1ce1ae650e\" data-id=\"69f1ce1ae650e\" data-height=\"30\" data-height-mobile=\"20\" data-height-tab=\"20\" data-height-tab-portrait=\"20\" data-height-mobile-landscape=\"20\" style=\"clear:both;display:block;\"><\/div>[\/vc_column][\/vc_row][vc_row ct_row_stretch=\u00bb\u00bb][vc_column]<div class=\"ult-spacer spacer-69f1ce1ae6532\" data-id=\"69f1ce1ae6532\" data-height=\"86\" data-height-mobile=\"86\" data-height-tab=\"86\" data-height-tab-portrait=\"\" data-height-mobile-landscape=\"\" style=\"clear:both;display:block;\"><\/div>[\/vc_column][\/vc_row]\n","protected":false},"excerpt":{"rendered":"<p>[vc_row ct_row_stretch=\u00bbstretch_row_content_no_spaces\u00bb full_width=\u00bbstretch_row_content_no_spaces\u00bb use_row_as_full_screen_section=\u00bbno\u00bb type=\u00bbfull_width\u00bb][vc_column][vc_single_image image=\u00bb10947&#8243; img_size=\u00bbfull\u00bb][\/vc_column][\/vc_row][vc_row ct_row_stretch=\u00bb\u00bb bg_type=\u00bbbg_color\u00bb bg_color_value=\u00bb#f9f9f9&#8243;][vc_column][\/vc_column][\/vc_row][vc_row ct_row_stretch=\u00bb\u00bb][vc_column][\/vc_column][\/vc_row][vc_row ct_row_stretch=\u00bb\u00bb][vc_column width=\u00bb1\/4&#8243; css=\u00bb.vc_custom_1707307919031{background-color: #f0f0f0 !important;}\u00bb][vc_wp_custommenu nav_menu=\u00bb85&#8243;][\/vc_column][vc_column width=\u00bb3\/4&#8243;][vc_column_text]BIBLIOTECA P\u00daBLICA MUNICIPAL DE SOBER Creada en el a\u00f1o 1994 la BPM del &#8230;<\/p>\n","protected":false},"author":1,"featured_media":0,"parent":0,"menu_order":0,"comment_status":"closed","ping_status":"closed","template":"","meta":{"footnotes":""},"class_list":["post-11058","page","type-page","status-publish","hentry"],"_links":{"self":[{"href":"https:\/\/concellodesober.com\/es\/wp-json\/wp\/v2\/pages\/11058","targetHints":{"allow":["GET"]}}],"collection":[{"href":"https:\/\/concellodesober.com\/es\/wp-json\/wp\/v2\/pages"}],"about":[{"href":"https:\/\/concellodesober.com\/es\/wp-json\/wp\/v2\/types\/page"}],"author":[{"embeddable":true,"href":"https:\/\/concellodesober.com\/es\/wp-json\/wp\/v2\/users\/1"}],"replies":[{"embeddable":true,"href":"https:\/\/concellodesober.com\/es\/wp-json\/wp\/v2\/comments?post=11058"}],"version-history":[{"count":9,"href":"https:\/\/concellodesober.com\/es\/wp-json\/wp\/v2\/pages\/11058\/revisions"}],"predecessor-version":[{"id":16158,"href":"https:\/\/concellodesober.com\/es\/wp-json\/wp\/v2\/pages\/11058\/revisions\/16158"}],"wp:attachment":[{"href":"https:\/\/concellodesober.com\/es\/wp-json\/wp\/v2\/media?parent=11058"}],"curies":[{"name":"wp","href":"https:\/\/api.w.org\/{rel}","templated":true}]}}

[vc_row ct_row_stretch=»stretch_row_content_no_spaces» full_width=»stretch_row_content_no_spaces» use_row_as_full_screen_section=»no» type=»full_width»][vc_column][vc_single_image image=»10947&#8243; img_size=»full»][/vc_column][/vc_row][vc_row ct_row_stretch=»» bg_type=»bg_color» bg_color_value=»#f9f9f9&#8243;][vc_column]<div id="ultimate-heading-64969f1ce1ae6461" class="uvc-heading ult-adjust-bottom-margin ultimate-heading-64969f1ce1ae6461 uvc-1780 " data-hspacer="no_spacer"  data-halign="center" style="text-align:center"><div class="uvc-heading-spacer no_spacer" style="top"></div><div class="uvc-main-heading ult-responsive"  data-ultimate-target='.uvc-heading.ultimate-heading-64969f1ce1ae6461 h2'  data-responsive-json-new='{"font-size":"desktop:40px;tablet:40px;tablet_portrait:30px;mobile_landscape:30px;mobile:20px;","line-height":""}' ><h2 style="font-weight:normal;color:#000000;margin-top:80px;margin-bottom:80px;">- BIBLIOTECA MUNICIPAL -</h2></div></div>[/vc_column][/vc_row][vc_row ct_row_stretch=»»][vc_column]<div class="ult-spacer spacer-69f1ce1ae64b7" data-id="69f1ce1ae64b7" data-height="30" data-height-mobile="20" data-height-tab="20" data-height-tab-portrait="20" data-height-mobile-landscape="20" style="clear:both;display:block;"></div>[/vc_column][/vc_row][vc_row ct_row_stretch=»»][vc_column width=»1/4&#8243; css=».vc_custom_1707307919031{background-color: #f0f0f0 !important;}»][vc_wp_custommenu nav_menu=»85&#8243;][/vc_column][vc_column width=»3/4&#8243;][vc_column_text]<strong>BIBLIOTECA PÚBLICA MUNICIPAL DE SOBER</strong></p>
<p>Creada en el año 1994 la BPM del Ayuntamiento de Sober se encuentra ubicada en el centro de la capitalidad, en la primera planta del Edificio Sociocultural.</p>
<p>Distribuida en dos espacios: infantil/juvenil y adultos. Cuenta además con una zona con ordenadores de uso público.</p>
<p>La biblioteca está integrada en la Red de Bibliotecas Públicas de Galicia y será necesario un carné, totalmente gratuito, para utilizar aquellos servicios que necesiten una identificación, por ejemplo el préstamo de libros, revistas, películas.</p>
<p><a href="https://rbgalicia.xunta.gal/gl/carne-da-biblioteca" target="_blank" rel="noopener">Carné da biblioteca | Rede de Bibliotecas de Galicia (xunta.gal)</a></p>
<p>La Red de Bibliotecas Públicas de Galicia pone a su disposición dos aplicaciones móviles con las que puede acceder a los servicios de la red desde su teléfono móvil o tablet: app de Rede de Bibliotecas de Galicia, y app eBiblio-Galicia.</p>
<p><strong>Horario de la biblioteca</strong></p>
<p>Invierno: <em><strong>Lunes de 16-20 h | </strong></em><em><strong>martes a viernes de 11-13 y 16-20 h | Sábados de 11-13 h.</strong></em></p>
<p>Verano: <em><strong>Lunes a viernes de 9 a 14 h.</strong></em></p>
<p><strong>Servicios:</strong></p>
<p>*Accesible a personas con discapacidad física.</p>
<p>*Consulta del catálogo de fondos bibliográficos <a href="https://rbgalicia.xunta.gal/gl/catalogo-da-rede-de-bibliotecas-publicas-de-galicia" target="_blank" rel="noopener">Catálogo da Rede de Bibliotecas Públicas de Galicia | Rede de Bibliotecas de Galicia (xunta.gal)</a></p>
<p>*Consulta pública y gratuita de internet, toda la biblioteca es una zona wifi.</p>
<p>*Formación de usuarios.</p>
<p>*Información bibliográfica.</p>
<p>*Lectura y consulta en sala.</p>
<p>*Préstamo.</p>
<p>*Actividades de promoción de la lectura y actividades culturales.</p>
<p>En este apartado destacamos la programación anual destinada a los diferentes colectivos de nuestro municipio:</p>
<p>1.   Actividades de dinamización incluidas en el Club de lectura Pintor de Castinande para público adulto.</p>
<p>2.   Obradores y charlas que se realizan “Faladoiro dos luns”.</p>
<p>3.     En relación a los niños y niñas, existe una programación anual denominada “Merendas con Contos”, que comprende una serie de actividades encaminadas a la promoción de la lectura.</p>
<p>4.   En verano el Ayuntamiento organiza un campamento para niños y niñas entre 4 y 12 años.</p>
<p>Todas estas actividades están recogidas en nuestro Blog <a href="https://bibliotecapublicasober.blogspot.com/">https://bibliotecapublicasober.blogspot.com/</a>, en nuestro Instagram <strong>@bibliotecasober</strong> o en las redes sociales del Concello de Sober.</p>
<p><strong>Centro Sociocultural – Praza do Concello s/n</strong></p>
<p><a href="mailto:biblioteca@concellodesober.com">biblioteca@concellodesober.com</a></p>
<p>Teléfono: 982 460 414</p>
<p>Fax: 982 460 002[/vc_column_text]<div class="ult-spacer spacer-69f1ce1ae64e5" data-id="69f1ce1ae64e5" data-height="30" data-height-mobile="20" data-height-tab="20" data-height-tab-portrait="20" data-height-mobile-landscape="20" style="clear:both;display:block;"></div>[vc_single_image image=»10712&#8243; img_size=»full»][vc_images_carousel images=»10951,10950,10949,10948&#8243; img_size=»full» slides_per_view=»2&#8243; autoplay=»yes» hide_pagination_control=»yes» wrap=»yes»]<div class="ult-spacer spacer-69f1ce1ae650e" data-id="69f1ce1ae650e" data-height="30" data-height-mobile="20" data-height-tab="20" data-height-tab-portrait="20" data-height-mobile-landscape="20" style="clear:both;display:block;"></div>[/vc_column][/vc_row][vc_row ct_row_stretch=»»][vc_column]<div class="ult-spacer spacer-69f1ce1ae6532" data-id="69f1ce1ae6532" data-height="86" data-height-mobile="86" data-height-tab="86" data-height-tab-portrait="" data-height-mobile-landscape="" style="clear:both;display:block;"></div>[/vc_column][/vc_row]

<p>[vc_row ct_row_stretch=»stretch_row_content_no_spaces» full_width=»stretch_row_content_no_spaces» use_row_as_full_screen_section=»no» type=»full_width»][vc_column][vc_single_image image=»10947&#8243; img_size=»full»][/vc_column][/vc_row][vc_row ct_row_stretch=»» bg_type=»bg_color» bg_color_value=»#f9f9f9&#8243;][vc_column][/vc_column][/vc_row][vc_row ct_row_stretch=»»][vc_column][/vc_column][/vc_row][vc_row ct_row_stretch=»»][vc_column width=»1/4&#8243; css=».vc_custom_1707307919031{background-color: #f0f0f0 !important;}»][vc_wp_custommenu nav_menu=»85&#8243;][/vc_column][vc_column width=»3/4&#8243;][vc_column_text]BIBLIOTECA PÚBLICA MUNICIPAL DE SOBER Creada en el año 1994 la BPM del &#8230;</p>
